c = r - -26. What is the remainder when k is divided by c?
7
Suppose -91*g + 20*g = -4970. What is the remainder when g is divided by 18?
16
Calculate the remainder when (-2)/(-5) - ((-15616)/40)/4 is divided by 26.
20
Suppose -4*s - 4*p = -172, 0 = -5*s - 2*p + p + 211. Let q(g) = 4*g - 6 - 2 - 10*g - 5. Calculate the remainder when s is divided by q(-4).
9
Suppose -22*s + 64 = -18*s. Calculate the remainder when 1 + ((-730)/5)/(-2) is divided by s.
10
Let v(l) = 10*l**2 + 35*l - 125. What is the remainder when v(7) is divided by 9?
7
Suppose -5*y + 62 + 31 = -4*t, -32 = -2*y - t. Suppose 46*w = -837 + 3919. Calculate the remainder when w is divided by y.
16
Suppose 2*j - 4*d = 136, -5*d + 9*d - 128 = -2*j. Calculate the remainder when j is divided by 15.
6
Let w(p) = p**3 - 6*p**2 + 10*p - 1. What is the remainder when 82 is divided by w(4)?
5
Suppose 0 = 13*w - 236 + 80. Suppose -5*j - w = -67. What is the remainder when 27 is divided by j?
5
Let r = 84 - -89. Suppose -577 = -34*u + 25*u - 55. Calculate the remainder when r is divided by u.
57
Suppose -8 = -0*f - f. Let z = 6 + f. What is the remainder when 3 is divided by (-2)/z - (-22)/7?
0
Suppose 139 = 4*w - 7*h + 4*h, -157 = -4*w - 3*h. Suppose -z + 0*z - 2*x + 13 = 0, 4*z = 4*x + 52. What is the remainder when w is divided by z?
11
Let w(u) = 3*u**2 + 12*u + 6. Let j(z) = -z**3 - 11*z**2 - z - 15. Let o be j(-11). Calculate the remainder when 8 is divided by w(o).
2
Suppose 0 = 2*t - 3*j - 24, -5*t + 7 + 74 = 3*j. Calculate the remainder when 128/576 + (-500)/(-18) is divided by t.
13
Let c be (-4)/6 + 11/(132/(-700)). Let m = c + 73. Suppose -w = -5*z - 3, -5*z = -4*w + 2*w + 26. Calculate the remainder when w is divided by m.
9
Calculate the remainder when 0/(-2) + 1035/15 is divided by 28.
13
Suppose -80 = t - 129. Calculate the remainder when t is divided by 26.
23
Suppose 0 = 2*q - q - 24. Suppose -3*a + 6*r + q = 11*r, 3*r + 22 = a. Calculate the remainder when 0/(-3 + 1) - -50 is divided by a.
11
Let h(i) = -45*i - 130. Calculate the remainder when 279 is divided by h(-5).
89
Let a(i) = 2*i**3 + 42*i**2 + 34*i - 106. What is the remainder when 375 is divided by a(-20)?
11
What is the remainder when ((-2072)/40 + -11)*-10 is divided by 53?
45
Suppose -4*x = -5*u - 415, 3*x + x + 5*u = 465. Let g = x - 60. Let i(w) = 12*w**3 + 2*w**2 - 1. What is the remainder when g is divided by i(1)?
11
Let d(g) = 2*g**2 + 15*g - 249. Calculate the remainder when 502 is divided by d(10).
98
Suppose -40*d - 70 = -45*d. Calculate the remainder when 390 is divided by d.
12
Suppose 0*r + 3*r - 5*n = 20, n = 5*r - 48. Suppose 5*g + 12 - 353 = -4*j, -4*g + 278 = -2*j. Calculate the remainder when g is divided by r.
9
Suppose c = -1306 - 168. Let l be (c/33)/(2/15). What is the remainder when 51 is divided by (-3)/18 + l/(-30)?
7
Suppose i + 17 = 2*t, -3*t - 2*i - 2 = 2*i. Let v(a) = -a + 5. Let g be v(t). Let c = 2 - g. What is the remainder when c is divided by 1?
0
Let i(v) = 2*v**2 + 3*v + 3. Let f be i(-3). Let r(x) = 20*x + 44. Calculate the remainder when f + 1 + (-3 - -3) is divided by r(-2).
1
Let h(k) = -4*k + 8. Let l be h(-7). Let f be (l/(-27))/((-1)/(-3)). What is the remainder when 1/f - 2595/(-60) is divided by 12?
7
Let h be (1 - 0)*2*(-1)/1. What is the remainder when 4/6*(-237)/h is divided by 27?
25
Let x(h) = 9*h**2 - 60*h - 5. What is the remainder when 26 is divided by x(7)?
10
What is the remainder when 215 is divided by (-9)/18*4*(-93)/6?
29
Suppose i = 5*b + 18, -4*b = -b + 6. Let v = -145 - -154. Suppose -i*r - 10 = -v*r. What is the remainder when r is divided by 3?
1
Let h(y) = y**2 + 12*y + 15. Let g be h(-11). Suppose 4*v + 3*u = u + 92, g*u = 16. Let m = -10 + v. Calculate the remainder when 21 is divided by m.
10
Suppose 0 = 2*d + 2 - 8. Calculate the remainder when 72/126 - 916/(-14) is divided by ((-46)/(-4))/(d/6).
20
Suppose 8*x - 300 = 4*x. Calculate the remainder when 1198 is divided by x.
73
Suppose 4*o - 2*p - 54 = 0, o - 2*p = -0*p + 12. Suppose q = k - 78, 3*k - 309 = -k + 5*q. What is the remainder when k is divided by o?
11
Let a(s) = 7*s**2 - 3*s + 1. Let t(j) = -43*j + 486. What is the remainder when a(2) is divided by t(11)?
10
Let h = 8 - 8. Suppose j = 8 - h. Suppose 3*o + 15 = j*o. Calculate the remainder when 5 is divided by o.
2
Let l(i) = -i**3 - 8*i**2 - 3*i + 7. Let b be l(-5). Let n = -2 + b. Let j = -38 - n. What is the remainder when 48 is divided by j?
14
Suppose 8*s + 296 = 3*s + m, 0 = -s + 4*m - 44. Let r = 81 + s. Calculate the remainder when 40 is divided by r.
19
Let l = -6 - 1. Let f(m) = -3*m - 8. Suppose 2*p + 75 = 5*p. Calculate the remainder when p is divided by f(l).
12
Let u = 75 - 73. Suppose 0 = 3*w - 2*w - u*q - 5, 4*q + 3 = w. What is the remainder when 41 is divided by w?
6
Suppose 0 = 20*d - 293 - 27. Suppose -n + 338 = 3*i, 5*n = -4*i + i + 358. What is the remainder when i is divided by d?
15
Let d be (-8)/(-36) - (-3)/((-54)/22). What is the remainder when 25*1*44/(-10)*d is divided by 14?
12
Let q = 35 + -16. Let l(c) = 8*c + 8*c**2 - 15*c**2 + 8*c**2 + 7. Calculate the remainder when q is divided by l(-8).
5
Let n(c) = 18*c**2 - 3*c - 3. Let l be n(3). Calculate the remainder when (-62)/10*l/(-30) is divided by 7.
3
Let d = 35 + 66. Suppose -4*v = 4*m - 2*v - 86, 4*m - d = v. What is the remainder when 59 is divided by (42/m)/(1/12)?
17
Let w(q) be the second derivative of q**4/12 - q**3/6 - 3*q**2 + 4*q. Let f be w(3). What is the remainder when 76 is divided by (0 - (2 - f))*-13?
24
Suppose -3*s - 17*f + 87 = -14*f, 3*s + 4*f = 91. Calculate the remainder when 105 is divided by s.
5
Let b(s) = -9*s - 2. Let q = -83 + 82. What is the remainder when b(q) is divided by 4?
3
Suppose 166*d - 920 = 146*d. What is the remainder when 183 is divided by d?
45
Let a = -988 + 2139. What is the remainder when a is divided by 12?
11
Let r be ((-12)/2)/2 - 54. Let y = r - -105. Calculate the remainder when y is divided by 17.
14
Let y(q) = q**2 + 12*q + 1. Calculate the remainder when 132/(-198) - (-497)/3 is divided by y(-13).
11
Suppose 0 = -2*k + 239 + 169. Calculate the remainder when k is divided by 44.
28
Let j(b) = -b**3 + 4*b**2 + 17*b + 6. What is the remainder when j(6) is divided by 19?
17
Suppose -4*m + 15 = m + 2*o, -2*m - 15 = 5*o. Suppose -103 + 18 = -m*h. Calculate the remainder when 65 is divided by h.
14
Suppose 3*j + 67*h - 65*h = -106, -3*h = -2*j - 62. Let w = 84 + -136. Let t = j - w. What is the remainder when 70 is divided by t?
16
Suppose 69 = 6*z - 51. Suppose 2*k - 66 = -z. Calculate the remainder when 67 is divided by k.
21
Let h = 61 - 55. Calculate the remainder when 21 is divided by h.
3
Suppose 19 = 4*i - 1. Suppose 0 = i*k - 160 - 5. What is the remainder when 64 is divided by k?
31
Suppose -66*l - 23 = -2*w - 71*l, -4*w = -5*l - 1. Calculate the remainder when 942 is divided by w.
2
Let h = -337 + 377. Calculate the remainder when 77 is divided by h.
37
Let f = -236 + 291. Calculate the remainder when f is divided by 28.
27
Suppose -5*h = -6 + 26, -h + 36 = 2*s. Calculate the remainder when 237 is divided by s.
17
Let v(x) = 7*x + 50. Let a(w) = w + 1. Let q(n) = -2*a(n) - v(n). What is the remainder when 117 is divided by q(-8)?
17
Let t = 12 - 20. Let m be (-40)/24 - t/(-6). Calculate the remainder when 16 is divided by (-33)/(-4) + m/(-4).
7
Let m(a) = 2*a**3 - 13*a**2 - 8*a + 10. Suppose 9*h = 13*h - 40. What is the remainder when h is divided by m(7)?
1
Let r(f) = 0*f**2 + 3*f**3 - 2*f**2 + 2*f**3 - 2*f - 2. What is the remainder when r(3) is divided by (-12 + 5)/((-1)/4)?
25
Suppose 4*f + 2 = -2*w, -w + 2*f + 2 = -13. Suppose w + 6 = a. Suppose -3*v + d + 75 = 6, 4*d - 12 = 0. What is the remainder when v is divided by a?
11
Let i(w) = 16*w**2 - 10*w + 11. Calculate the remainder when 63 is divided by i(2).
8
Let g = 1169 + -1148. What is the remainder when 36 is divided by g?
15
Let h(c) = 50*c**2 - 5*c**2 - 4 + 6 - 1 - c. Let y be 8/4 - -1 - (7 + -5). What is the remainder when h(y) is divided by 16?
13
Let b = 74 - 51. What is the remainder when 89 is divided by b?
20
Let j(b) = -39*b + 260. What is the remainder when j(5) is divided by 9?
2
What is the remainder when 479 is divided 